{"id":21,"date":"2022-08-11T10:43:11","date_gmt":"2022-08-11T08:43:11","guid":{"rendered":"http:\/\/www.musicabedoin.org\/?page_id=21"},"modified":"2026-02-20T12:15:17","modified_gmt":"2026-02-20T11:15:17","slug":"prochain-concert","status":"publish","type":"page","link":"https:\/\/www.musicabedoin.org\/index.php\/prochain-concert\/","title":{"rendered":"Prochainement"},"content":{"rendered":"\t\t<div data-elementor-type=\"wp-page\" data-elementor-id=\"21\" class=\"elementor elementor-21\">\n\t\t\t\t\t\t\t\t\t<section class=\"elementor-section elementor-top-section elementor-element elementor-element-3e029e4 elementor-section-stretched elementor-section-boxed elementor-section-height-default elementor-section-height-default\" data-id=\"3e029e4\" data-element_type=\"section\" data-settings=\"{&quot;stretch_section&quot;:&quot;section-stretched&quot;}\">\n\t\t\t\t\t\t<div class=\"elementor-container elementor-column-gap-default\">\n\t\t\t\t\t<div class=\"elementor-column elementor-col-100 elementor-top-column elementor-element elementor-element-0dd32b0\" data-id=\"0dd32b0\" data-element_type=\"column\">\n\t\t\t<div class=\"elementor-widget-wrap elementor-element-populated\">\n\t\t\t\t\t\t\t\t<div class=\"elementor-element elementor-element-87b1843 elementor-widget elementor-widget-heading\" data-id=\"87b1843\" data-element_type=\"widget\" data-widget_type=\"heading.default\">\n\t\t\t\t<div class=\"elementor-widget-container\">\n\t\t\t<style>\/*! elementor - v3.15.0 - 20-08-2023 *\/\n.elementor-heading-title{padding:0;margin:0;line-height:1}.elementor-widget-heading .elementor-heading-title[class*=elementor-size-]>a{color:inherit;font-size:inherit;line-height:inherit}.elementor-widget-heading .elementor-heading-title.elementor-size-small{font-size:15px}.elementor-widget-heading .elementor-heading-title.elementor-size-medium{font-size:19px}.elementor-widget-heading .elementor-heading-title.elementor-size-large{font-size:29px}.elementor-widget-heading .elementor-heading-title.elementor-size-xl{font-size:39px}.elementor-widget-heading .elementor-heading-title.elementor-size-xxl{font-size:59px}<\/style><h2 class=\"elementor-heading-title elementor-size-default\">Dimanche 26 avril, 17h, Auditorium du Centre Culturel de B\u00e9doin :\n\nDeux guitares en feu<\/h2>\t\t<\/div>\n\t\t\t\t<\/div>\n\t\t\t\t\t<\/div>\n\t\t<\/div>\n\t\t\t\t\t\t\t<\/div>\n\t\t<\/section>\n\t\t\t\t<section class=\"elementor-section elementor-top-section elementor-element elementor-element-9e18e2b elementor-section-stretched elementor-section-boxed elementor-section-height-default elementor-section-height-default\" data-id=\"9e18e2b\" data-element_type=\"section\" data-settings=\"{&quot;stretch_section&quot;:&quot;section-stretched&quot;}\">\n\t\t\t\t\t\t<div class=\"elementor-container elementor-column-gap-default\">\n\t\t\t\t\t<div class=\"elementor-column elementor-col-50 elementor-top-column elementor-element elementor-element-c81de65\" data-id=\"c81de65\" data-element_type=\"column\">\n\t\t\t<div class=\"elementor-widget-wrap elementor-element-populated\">\n\t\t\t\t\t\t\t\t<div class=\"elementor-element elementor-element-da92443 elementor-widget elementor-widget-image\" data-id=\"da92443\" data-element_type=\"widget\" data-widget_type=\"image.default\">\n\t\t\t\t<div class=\"elementor-widget-container\">\n\t\t\t<style>\/*! elementor - v3.15.0 - 20-08-2023 *\/\n.elementor-widget-image{text-align:center}.elementor-widget-image a{display:inline-block}.elementor-widget-image a img[src$=\".svg\"]{width:48px}.elementor-widget-image img{vertical-align:middle;display:inline-block}<\/style>\t\t\t\t\t\t\t\t\t\t\t\t<img loading=\"lazy\" decoding=\"async\" width=\"1024\" height=\"768\" src=\"https:\/\/www.musicabedoin.org\/wp-content\/uploads\/2026\/02\/20220520_184136-1024x768.jpg\" class=\"attachment-large size-large wp-image-887\" alt=\"\" srcset=\"https:\/\/www.musicabedoin.org\/wp-content\/uploads\/2026\/02\/20220520_184136-1024x768.jpg 1024w, https:\/\/www.musicabedoin.org\/wp-content\/uploads\/2026\/02\/20220520_184136-300x225.jpg 300w, https:\/\/www.musicabedoin.org\/wp-content\/uploads\/2026\/02\/20220520_184136-768x576.jpg 768w, https:\/\/www.musicabedoin.org\/wp-content\/uploads\/2026\/02\/20220520_184136-1536x1152.jpg 1536w, https:\/\/www.musicabedoin.org\/wp-content\/uploads\/2026\/02\/20220520_184136-2048x1536.jpg 2048w\" sizes=\"auto, (max-width: 1024px) 100vw, 1024px\" \/>\t\t\t\t\t\t\t\t\t\t\t\t\t\t\t<\/div>\n\t\t\t\t<\/div>\n\t\t\t\t\t<\/div>\n\t\t<\/div>\n\t\t\t\t<div class=\"elementor-column elementor-col-50 elementor-top-column elementor-element elementor-element-774cd68\" data-id=\"774cd68\" data-element_type=\"column\">\n\t\t\t<div class=\"elementor-widget-wrap elementor-element-populated\">\n\t\t\t\t\t\t\t\t<div class=\"elementor-element elementor-element-b49b445 elementor-widget elementor-widget-text-editor\" data-id=\"b49b445\" data-element_type=\"widget\" data-widget_type=\"text-editor.default\">\n\t\t\t\t<div class=\"elementor-widget-container\">\n\t\t\t<style>\/*! elementor - v3.15.0 - 20-08-2023 *\/\n.elementor-widget-text-editor.elementor-drop-cap-view-stacked .elementor-drop-cap{background-color:#69727d;color:#fff}.elementor-widget-text-editor.elementor-drop-cap-view-framed .elementor-drop-cap{color:#69727d;border:3px solid;background-color:transparent}.elementor-widget-text-editor:not(.elementor-drop-cap-view-default) .elementor-drop-cap{margin-top:8px}.elementor-widget-text-editor:not(.elementor-drop-cap-view-default) .elementor-drop-cap-letter{width:1em;height:1em}.elementor-widget-text-editor .elementor-drop-cap{float:left;text-align:center;line-height:1;font-size:50px}.elementor-widget-text-editor .elementor-drop-cap-letter{display:inline-block}<\/style>\t\t\t\t<p><b>Ines Martinez et Ange Gilles<\/b><\/p><p>Ils nous avaient enthousiasm\u00e9s en 2022, il y a quatre ans, d\u00e9j\u00e0. Ils reviennent avec un nouveau programme.<\/p>\t\t\t\t\t\t<\/div>\n\t\t\t\t<\/div>\n\t\t\t\t\t<\/div>\n\t\t<\/div>\n\t\t\t\t\t\t\t<\/div>\n\t\t<\/section>\n\t\t\t\t<section class=\"elementor-section elementor-top-section elementor-element elementor-element-19966ac elementor-section-stretched elementor-section-boxed elementor-section-height-default elementor-section-height-default\" data-id=\"19966ac\" data-element_type=\"section\" data-settings=\"{&quot;stretch_section&quot;:&quot;section-stretched&quot;}\">\n\t\t\t\t\t\t<div class=\"elementor-container elementor-column-gap-default\">\n\t\t\t\t\t<div class=\"elementor-column elementor-col-50 elementor-top-column elementor-element elementor-element-25436b9\" data-id=\"25436b9\" data-element_type=\"column\">\n\t\t\t<div class=\"elementor-widget-wrap elementor-element-populated\">\n\t\t\t\t\t\t\t\t<div class=\"elementor-element elementor-element-4dd1574 elementor-widget elementor-widget-text-editor\" data-id=\"4dd1574\" data-element_type=\"widget\" data-widget_type=\"text-editor.default\">\n\t\t\t\t<div class=\"elementor-widget-container\">\n\t\t\t\t\t\t\t<p><b>Ines Martinez<\/b><\/p><p>Guitariste classique, elle d\u00e9bute son parcours musical \u00e0 Krizevci puis \u00e0 Zagreb (Croatie) dans la classe de Xhevdet Sahatxhija.Elle poursuit ses \u00e9tudes \u00e0 la Haute Ecole de Musique Ino Mirkovic \u00e0 Lovran (Croatie) dans la classe de Carlo Marchione.<\/p><p>Laur\u00e9ate \u00e0 deux reprises au concours national des \u00e9tudiants en musique de Croatie.\u00a0Elle participe \u00e0 de nombreux Master-Class aupr\u00e8s des ma\u00eetres comme Istv\u00e1n R\u00f6mer, Goran Listes, Sasa Dejanovic, Olivier Chassain, Marcin Dylla.\u00a0<\/p><p>Arriv\u00e9e en France en 2002, elle obtient le DEM au Conservatoire \u00e0 Rayonnement R\u00e9gional de Montpellier. Titulaire du Dipl\u00f4me d\u2019Etat, elle enseigne depuis 2011 au Conservatoire \u00e0 Rayonnement R\u00e9gional du Grand Avignon.<\/p><p>De 2011 \u00e0 2013, membre du quatuor &#8220;S\u00e9govia&#8221;: Festival &#8220;Guitares en Picardie&#8221;, Palais des Papes (Avignon), Festival des vents (Mori\u00e8res les Avignon), Les nuits estivales (Rochefort du Gard)&#8230; Et depuis 2016, elle se produit r\u00e9guli\u00e8rement avec Ange Gilles, duo &#8220;G&#8217;M&#8221;, dans un programme Flamenco\/pop, Latino\/rock au Festival d&#8217;Avignon, &#8220;L&#8217;autre festival&#8221; (Avignon), Festival Ansouis Eclectik (Ansouis), &#8220;Quand vin le soir&#8221; (Rasteau), CSC Lamartine (Cachan), Le Rouge Gorge (Avignon)&#8230;<\/p>\t\t\t\t\t\t<\/div>\n\t\t\t\t<\/div>\n\t\t\t\t\t<\/div>\n\t\t<\/div>\n\t\t\t\t<div class=\"elementor-column elementor-col-50 elementor-top-column elementor-element elementor-element-f5c945e\" data-id=\"f5c945e\" data-element_type=\"column\">\n\t\t\t<div class=\"elementor-widget-wrap elementor-element-populated\">\n\t\t\t\t\t\t\t\t<div class=\"elementor-element elementor-element-219851d elementor-widget elementor-widget-text-editor\" data-id=\"219851d\" data-element_type=\"widget\" data-widget_type=\"text-editor.default\">\n\t\t\t\t<div class=\"elementor-widget-container\">\n\t\t\t\t\t\t\t<p><b>Mr Ange GILLES<\/b><\/p><p>Guitariste de formation classique, il est r\u00e9compens\u00e9 au Concours International Ren\u00e9 Bartoli.<\/p><p>Titulaire du Dipl\u00f4me d&#8217;\u00c9tat, Ange GILLES est professeur de guitare au Conservatoire \u00e0 Rayonnement R\u00e9gional d&#8217;Avignon depuis 1993, o\u00f9 il enseigne les musiques classiques et actuelles.<\/p><p>De 2000 \u00e0 2018, il joue au sein du groupe rock &#8220;Flangers&#8221;, avec qui, il \u00e9cume les salles de concert: le Rockstore (Montpellier), les Passagers du Zinc (Avignon), le D\u00f4me (Marseille), Nikaia (Nice)&#8230;ainsi qu&#8217;\u00e0 Londres, \u00c9cosse et en Allemagne.<\/p><p>De 2010 \u00e0 2013, membre du quatuor &#8220;S\u00e9govia&#8221;: Festival &#8220;Guitares en Picardie&#8221;, Palais des Papes (Avignon), Festival des vents (Mori\u00e8res les Avignon), Les nuits estivales (Rochefort du Gard)&#8230;<\/p><p>Et depuis 2016, il se produit r\u00e9guli\u00e8rement avec Ines MARTINEZ, duo &#8220;G&#8217;M&#8221;, dans un programme Flamenco\/pop, Latino\/rock au Festival d&#8217;Avignon, &#8220;L&#8217;autre festival&#8221; (Avignon), Festival Ansouis Eclectik (Ansouis), &#8220;Quand vin le soir&#8221; (Rasteau), CSC Lamartine (Cachan), Le Rouge Gorge (Avignon)&#8230;<\/p>\t\t\t\t\t\t<\/div>\n\t\t\t\t<\/div>\n\t\t\t\t\t<\/div>\n\t\t<\/div>\n\t\t\t\t\t\t\t<\/div>\n\t\t<\/section>\n\t\t\t\t\t\t\t<\/div>\n\t\t","protected":false},"excerpt":{"rendered":"<p>Dimanche 26 avril, 17h, Auditorium du Centre Culturel de B\u00e9doin : Deux guitares en feu Ines Martinez et Ange Gilles Ils nous avaient enthousiasm\u00e9s en 2022, il y a quatre ans, d\u00e9j\u00e0. Ils reviennent avec un nouveau programme. Ines Martinez Guitariste classique, elle d\u00e9bute son parcours musical \u00e0 Krizevci puis \u00e0 Zagreb (Croatie) dans la [&hellip;]<\/p>\n","protected":false},"author":1,"featured_media":0,"parent":0,"menu_order":0,"comment_status":"closed","ping_status":"closed","template":"","meta":{"footnotes":""},"class_list":["post-21","page","type-page","status-publish","hentry","entry"],"_links":{"self":[{"href":"https:\/\/www.musicabedoin.org\/index.php\/wp-json\/wp\/v2\/pages\/21","targetHints":{"allow":["GET"]}}],"collection":[{"href":"https:\/\/www.musicabedoin.org\/index.php\/wp-json\/wp\/v2\/pages"}],"about":[{"href":"https:\/\/www.musicabedoin.org\/index.php\/wp-json\/wp\/v2\/types\/page"}],"author":[{"embeddable":true,"href":"https:\/\/www.musicabedoin.org\/index.php\/wp-json\/wp\/v2\/users\/1"}],"replies":[{"embeddable":true,"href":"https:\/\/www.musicabedoin.org\/index.php\/wp-json\/wp\/v2\/comments?post=21"}],"version-history":[{"count":177,"href":"https:\/\/www.musicabedoin.org\/index.php\/wp-json\/wp\/v2\/pages\/21\/revisions"}],"predecessor-version":[{"id":890,"href":"https:\/\/www.musicabedoin.org\/index.php\/wp-json\/wp\/v2\/pages\/21\/revisions\/890"}],"wp:attachment":[{"href":"https:\/\/www.musicabedoin.org\/index.php\/wp-json\/wp\/v2\/media?parent=21"}],"curies":[{"name":"wp","href":"https:\/\/api.w.org\/{rel}","templated":true}]}}

<div data-elementor-type="wp-page" data-elementor-id="21" class="elementor elementor-21">
									<section class="elementor-section elementor-top-section elementor-element elementor-element-3e029e4 elementor-section-stretched elementor-section-boxed elementor-section-height-default elementor-section-height-default" data-id="3e029e4" data-element_type="section" data-settings="{&quot;stretch_section&quot;:&quot;section-stretched&quot;}">
						<div class="elementor-container elementor-column-gap-default">
					<div class="elementor-column elementor-col-100 elementor-top-column elementor-element elementor-element-0dd32b0" data-id="0dd32b0" data-element_type="column">
			<div class="elementor-widget-wrap elementor-element-populated">
								<div class="elementor-element elementor-element-87b1843 elementor-widget elementor-widget-heading" data-id="87b1843" data-element_type="widget" data-widget_type="heading.default">
				<div class="elementor-widget-container">
			<style>/*! elementor - v3.15.0 - 20-08-2023 */
.elementor-heading-title{padding:0;margin:0;line-height:1}.elementor-widget-heading .elementor-heading-title[class*=elementor-size-]>a{color:inherit;font-size:inherit;line-height:inherit}.elementor-widget-heading .elementor-heading-title.elementor-size-small{font-size:15px}.elementor-widget-heading .elementor-heading-title.elementor-size-medium{font-size:19px}.elementor-widget-heading .elementor-heading-title.elementor-size-large{font-size:29px}.elementor-widget-heading .elementor-heading-title.elementor-size-xl{font-size:39px}.elementor-widget-heading .elementor-heading-title.elementor-size-xxl{font-size:59px}</style><h2 class="elementor-heading-title elementor-size-default">Dimanche 26 avril, 17h, Auditorium du Centre Culturel de Bédoin :

Deux guitares en feu</h2>		</div>
				</div>
					</div>
		</div>
							</div>
		</section>
				<section class="elementor-section elementor-top-section elementor-element elementor-element-9e18e2b elementor-section-stretched elementor-section-boxed elementor-section-height-default elementor-section-height-default" data-id="9e18e2b" data-element_type="section" data-settings="{&quot;stretch_section&quot;:&quot;section-stretched&quot;}">
						<div class="elementor-container elementor-column-gap-default">
					<div class="elementor-column elementor-col-50 elementor-top-column elementor-element elementor-element-c81de65" data-id="c81de65" data-element_type="column">
			<div class="elementor-widget-wrap elementor-element-populated">
								<div class="elementor-element elementor-element-da92443 elementor-widget elementor-widget-image" data-id="da92443" data-element_type="widget" data-widget_type="image.default">
				<div class="elementor-widget-container">
			<style>/*! elementor - v3.15.0 - 20-08-2023 */
.elementor-widget-image{text-align:center}.elementor-widget-image a{display:inline-block}.elementor-widget-image a img[src$=".svg"]{width:48px}.elementor-widget-image img{vertical-align:middle;display:inline-block}</style>												<img loading="lazy" decoding="async" width="1024" height="768" src="https://www.musicabedoin.org/wp-content/uploads/2026/02/20220520_184136-1024x768.jpg" class="attachment-large size-large wp-image-887" alt="" srcset="https://www.musicabedoin.org/wp-content/uploads/2026/02/20220520_184136-1024x768.jpg 1024w, https://www.musicabedoin.org/wp-content/uploads/2026/02/20220520_184136-300x225.jpg 300w, https://www.musicabedoin.org/wp-content/uploads/2026/02/20220520_184136-768x576.jpg 768w, https://www.musicabedoin.org/wp-content/uploads/2026/02/20220520_184136-1536x1152.jpg 1536w, https://www.musicabedoin.org/wp-content/uploads/2026/02/20220520_184136-2048x1536.jpg 2048w" sizes="auto, (max-width: 1024px) 100vw, 1024px" />															</div>
				</div>
					</div>
		</div>
				<div class="elementor-column elementor-col-50 elementor-top-column elementor-element elementor-element-774cd68" data-id="774cd68" data-element_type="column">
			<div class="elementor-widget-wrap elementor-element-populated">
								<div class="elementor-element elementor-element-b49b445 elementor-widget elementor-widget-text-editor" data-id="b49b445" data-element_type="widget" data-widget_type="text-editor.default">
				<div class="elementor-widget-container">
			<style>/*! elementor - v3.15.0 - 20-08-2023 */
.elementor-widget-text-editor.elementor-drop-cap-view-stacked .elementor-drop-cap{background-color:#69727d;color:#fff}.elementor-widget-text-editor.elementor-drop-cap-view-framed .elementor-drop-cap{color:#69727d;border:3px solid;background-color:transparent}.elementor-widget-text-editor:not(.elementor-drop-cap-view-default) .elementor-drop-cap{margin-top:8px}.elementor-widget-text-editor:not(.elementor-drop-cap-view-default) .elementor-drop-cap-letter{width:1em;height:1em}.elementor-widget-text-editor .elementor-drop-cap{float:left;text-align:center;line-height:1;font-size:50px}.elementor-widget-text-editor .elementor-drop-cap-letter{display:inline-block}</style>				<p><b>Ines Martinez et Ange Gilles</b></p><p>Ils nous avaient enthousiasmés en 2022, il y a quatre ans, déjà. Ils reviennent avec un nouveau programme.</p>						</div>
				</div>
					</div>
		</div>
							</div>
		</section>
				<section class="elementor-section elementor-top-section elementor-element elementor-element-19966ac elementor-section-stretched elementor-section-boxed elementor-section-height-default elementor-section-height-default" data-id="19966ac" data-element_type="section" data-settings="{&quot;stretch_section&quot;:&quot;section-stretched&quot;}">
						<div class="elementor-container elementor-column-gap-default">
					<div class="elementor-column elementor-col-50 elementor-top-column elementor-element elementor-element-25436b9" data-id="25436b9" data-element_type="column">
			<div class="elementor-widget-wrap elementor-element-populated">
								<div class="elementor-element elementor-element-4dd1574 elementor-widget elementor-widget-text-editor" data-id="4dd1574" data-element_type="widget" data-widget_type="text-editor.default">
				<div class="elementor-widget-container">
							<p><b>Ines Martinez</b></p><p>Guitariste classique, elle débute son parcours musical à Krizevci puis à Zagreb (Croatie) dans la classe de Xhevdet Sahatxhija.Elle poursuit ses études à la Haute Ecole de Musique Ino Mirkovic à Lovran (Croatie) dans la classe de Carlo Marchione.</p><p>Lauréate à deux reprises au concours national des étudiants en musique de Croatie. Elle participe à de nombreux Master-Class auprès des maîtres comme István Römer, Goran Listes, Sasa Dejanovic, Olivier Chassain, Marcin Dylla. </p><p>Arrivée en France en 2002, elle obtient le DEM au Conservatoire à Rayonnement Régional de Montpellier. Titulaire du Diplôme d’Etat, elle enseigne depuis 2011 au Conservatoire à Rayonnement Régional du Grand Avignon.</p><p>De 2011 à 2013, membre du quatuor &#8220;Ségovia&#8221;: Festival &#8220;Guitares en Picardie&#8221;, Palais des Papes (Avignon), Festival des vents (Morières les Avignon), Les nuits estivales (Rochefort du Gard)&#8230; Et depuis 2016, elle se produit régulièrement avec Ange Gilles, duo &#8220;G&#8217;M&#8221;, dans un programme Flamenco/pop, Latino/rock au Festival d&#8217;Avignon, &#8220;L&#8217;autre festival&#8221; (Avignon), Festival Ansouis Eclectik (Ansouis), &#8220;Quand vin le soir&#8221; (Rasteau), CSC Lamartine (Cachan), Le Rouge Gorge (Avignon)&#8230;</p>						</div>
				</div>
					</div>
		</div>
				<div class="elementor-column elementor-col-50 elementor-top-column elementor-element elementor-element-f5c945e" data-id="f5c945e" data-element_type="column">
			<div class="elementor-widget-wrap elementor-element-populated">
								<div class="elementor-element elementor-element-219851d elementor-widget elementor-widget-text-editor" data-id="219851d" data-element_type="widget" data-widget_type="text-editor.default">
				<div class="elementor-widget-container">
							<p><b>Mr Ange GILLES</b></p><p>Guitariste de formation classique, il est récompensé au Concours International René Bartoli.</p><p>Titulaire du Diplôme d&#8217;État, Ange GILLES est professeur de guitare au Conservatoire à Rayonnement Régional d&#8217;Avignon depuis 1993, où il enseigne les musiques classiques et actuelles.</p><p>De 2000 à 2018, il joue au sein du groupe rock &#8220;Flangers&#8221;, avec qui, il écume les salles de concert: le Rockstore (Montpellier), les Passagers du Zinc (Avignon), le Dôme (Marseille), Nikaia (Nice)&#8230;ainsi qu&#8217;à Londres, Écosse et en Allemagne.</p><p>De 2010 à 2013, membre du quatuor &#8220;Ségovia&#8221;: Festival &#8220;Guitares en Picardie&#8221;, Palais des Papes (Avignon), Festival des vents (Morières les Avignon), Les nuits estivales (Rochefort du Gard)&#8230;</p><p>Et depuis 2016, il se produit régulièrement avec Ines MARTINEZ, duo &#8220;G&#8217;M&#8221;, dans un programme Flamenco/pop, Latino/rock au Festival d&#8217;Avignon, &#8220;L&#8217;autre festival&#8221; (Avignon), Festival Ansouis Eclectik (Ansouis), &#8220;Quand vin le soir&#8221; (Rasteau), CSC Lamartine (Cachan), Le Rouge Gorge (Avignon)&#8230;</p>						</div>
				</div>
					</div>
		</div>
							</div>
		</section>
							</div>

<p>Dimanche 26 avril, 17h, Auditorium du Centre Culturel de Bédoin : Deux guitares en feu Ines Martinez et Ange Gilles Ils nous avaient enthousiasmés en 2022, il y a quatre ans, déjà. Ils reviennent avec un nouveau programme. Ines Martinez Guitariste classique, elle débute son parcours musical à Krizevci puis à Zagreb (Croatie) dans la [&hellip;]</p>
