{"id":21,"date":"2022-08-11T10:43:11","date_gmt":"2022-08-11T08:43:11","guid":{"rendered":"http:\/\/www.musicabedoin.org\/?page_id=21"},"modified":"2026-08-25T11:14:37","modified_gmt":"2026-08-25T09:14:37","slug":"prochain-concert","status":"publish","type":"page","link":"https:\/\/www.musicabedoin.org\/index.php\/prochain-concert\/","title":{"rendered":"Prochainement"},"content":{"rendered":"\t\t<div data-elementor-type=\"wp-page\" data-elementor-id=\"21\" class=\"elementor elementor-21\">\n\t\t\t\t\t\t\t\t\t<section class=\"elementor-section elementor-top-section elementor-element elementor-element-3e029e4 elementor-section-stretched elementor-section-boxed elementor-section-height-default elementor-section-height-default\" data-id=\"3e029e4\" data-element_type=\"section\" data-settings=\"{&quot;stretch_section&quot;:&quot;section-stretched&quot;}\">\n\t\t\t\t\t\t<div class=\"elementor-container elementor-column-gap-default\">\n\t\t\t\t\t<div class=\"elementor-column elementor-col-100 elementor-top-column elementor-element elementor-element-0dd32b0\" data-id=\"0dd32b0\" data-element_type=\"column\">\n\t\t\t<div class=\"elementor-widget-wrap elementor-element-populated\">\n\t\t\t\t\t\t\t\t<div class=\"elementor-element elementor-element-87b1843 elementor-widget elementor-widget-heading\" data-id=\"87b1843\" data-element_type=\"widget\" data-widget_type=\"heading.default\">\n\t\t\t\t<div class=\"elementor-widget-container\">\n\t\t\t<style>\/*! elementor - v3.15.0 - 20-08-2023 *\/\n.elementor-heading-title{padding:0;margin:0;line-height:1}.elementor-widget-heading .elementor-heading-title[class*=elementor-size-]>a{color:inherit;font-size:inherit;line-height:inherit}.elementor-widget-heading .elementor-heading-title.elementor-size-small{font-size:15px}.elementor-widget-heading .elementor-heading-title.elementor-size-medium{font-size:19px}.elementor-widget-heading .elementor-heading-title.elementor-size-large{font-size:29px}.elementor-widget-heading .elementor-heading-title.elementor-size-xl{font-size:39px}.elementor-widget-heading .elementor-heading-title.elementor-size-xxl{font-size:59px}<\/style><h2 class=\"elementor-heading-title elementor-size-default\">Samedi 19 septembre, 17h, sur la colline Saint Antonin, Octuor de Schubert<\/h2>\t\t<\/div>\n\t\t\t\t<\/div>\n\t\t\t\t\t<\/div>\n\t\t<\/div>\n\t\t\t\t\t\t\t<\/div>\n\t\t<\/section>\n\t\t\t\t<section class=\"elementor-section elementor-top-section elementor-element elementor-element-9e18e2b elementor-section-stretched elementor-section-boxed elementor-section-height-default elementor-section-height-default\" data-id=\"9e18e2b\" data-element_type=\"section\" data-settings=\"{&quot;stretch_section&quot;:&quot;section-stretched&quot;}\">\n\t\t\t\t\t\t<div class=\"elementor-container elementor-column-gap-default\">\n\t\t\t\t\t<div class=\"elementor-column elementor-col-50 elementor-top-column elementor-element elementor-element-c81de65\" data-id=\"c81de65\" data-element_type=\"column\">\n\t\t\t<div class=\"elementor-widget-wrap elementor-element-populated\">\n\t\t\t\t\t\t\t\t<div class=\"elementor-element elementor-element-b55ed5d elementor-widget elementor-widget-image\" data-id=\"b55ed5d\" data-element_type=\"widget\" data-widget_type=\"image.default\">\n\t\t\t\t<div class=\"elementor-widget-container\">\n\t\t\t<style>\/*! elementor - v3.15.0 - 20-08-2023 *\/\n.elementor-widget-image{text-align:center}.elementor-widget-image a{display:inline-block}.elementor-widget-image a img[src$=\".svg\"]{width:48px}.elementor-widget-image img{vertical-align:middle;display:inline-block}<\/style>\t\t\t\t\t\t\t\t\t\t\t\t<img loading=\"lazy\" decoding=\"async\" width=\"1024\" height=\"1024\" src=\"https:\/\/www.musicabedoin.org\/wp-content\/uploads\/2026\/08\/20260707_121406-1024x1024.jpg\" class=\"attachment-large size-large wp-image-940\" alt=\"\" srcset=\"https:\/\/www.musicabedoin.org\/wp-content\/uploads\/2026\/08\/20260707_121406-1024x1024.jpg 1024w, https:\/\/www.musicabedoin.org\/wp-content\/uploads\/2026\/08\/20260707_121406-300x300.jpg 300w, https:\/\/www.musicabedoin.org\/wp-content\/uploads\/2026\/08\/20260707_121406-150x150.jpg 150w, https:\/\/www.musicabedoin.org\/wp-content\/uploads\/2026\/08\/20260707_121406-768x768.jpg 768w, https:\/\/www.musicabedoin.org\/wp-content\/uploads\/2026\/08\/20260707_121406-1536x1536.jpg 1536w, https:\/\/www.musicabedoin.org\/wp-content\/uploads\/2026\/08\/20260707_121406-2048x2048.jpg 2048w, https:\/\/www.musicabedoin.org\/wp-content\/uploads\/2026\/08\/20260707_121406-600x600.jpg 600w\" sizes=\"auto, (max-width: 1024px) 100vw, 1024px\" \/>\t\t\t\t\t\t\t\t\t\t\t\t\t\t\t<\/div>\n\t\t\t\t<\/div>\n\t\t\t\t\t<\/div>\n\t\t<\/div>\n\t\t\t\t<div class=\"elementor-column elementor-col-50 elementor-top-column elementor-element elementor-element-774cd68\" data-id=\"774cd68\" data-element_type=\"column\">\n\t\t\t<div class=\"elementor-widget-wrap elementor-element-populated\">\n\t\t\t\t\t\t\t\t<div class=\"elementor-element elementor-element-b49b445 elementor-widget elementor-widget-text-editor\" data-id=\"b49b445\" data-element_type=\"widget\" data-widget_type=\"text-editor.default\">\n\t\t\t\t<div class=\"elementor-widget-container\">\n\t\t\t<style>\/*! elementor - v3.15.0 - 20-08-2023 *\/\n.elementor-widget-text-editor.elementor-drop-cap-view-stacked .elementor-drop-cap{background-color:#69727d;color:#fff}.elementor-widget-text-editor.elementor-drop-cap-view-framed .elementor-drop-cap{color:#69727d;border:3px solid;background-color:transparent}.elementor-widget-text-editor:not(.elementor-drop-cap-view-default) .elementor-drop-cap{margin-top:8px}.elementor-widget-text-editor:not(.elementor-drop-cap-view-default) .elementor-drop-cap-letter{width:1em;height:1em}.elementor-widget-text-editor .elementor-drop-cap{float:left;text-align:center;line-height:1;font-size:50px}.elementor-widget-text-editor .elementor-drop-cap-letter{display:inline-block}<\/style>\t\t\t\t<p><b>Au programme : l<\/b><b style=\"font-size: 20px;\">&#8216;octuor de Schubert<\/b><\/p><p>Compos\u00e9 en 1824 \u00e0 la demande de Ferdinand Troyer. Il se compose de six mouvements, et dure pr\u00e8s d&#8217;une heure. Cette \u0153uvre, refl\u00e9tant une volont\u00e9 de bonne humeur et d&#8217;ouverture symphonique est consid\u00e9r\u00e9e comme un des chefs d&#8217;\u0153uvre de la musique de chambre.<\/p><p><strong>Les interpr\u00e8tes :<\/strong><\/p><p><b>Marc <\/b><b>Vieillefon<\/b>, violon, ancien membre de l&#8217;orchestre de Paris et du quatuor Debussy.<\/p><p><b>Jo\u00eblle <\/b><b>Mauppin<\/b>, violon, membre fondateur de l&#8217;Ensemble Instrumental Provence Verdon.<\/p><p><b>Stephanie Bayle <\/b><b>Peyrin<\/b>, altiste, professeur au conservatoire d&#8217;Aubagne.<\/p><p><b>Guillaume Rabier<\/b>, violoncelle, professeur au CRR d&#8217;Aix en Provence<\/p><p><b>Daniel <\/b><b>Paloyan<\/b>, clarinette, ancien membre de l&#8217;ensemble Musicatreize<\/p><p><b>Frederic Baron<\/b>, basson, membre de l&#8217;orchestre de l&#8217;Op\u00e9ra de Marseille<\/p><p><b>Vincent <\/b><b>Lamiot<\/b>, contrebasse, jeune m\u00e9daill\u00e9 du CRR d&#8217;Aix en Provence<\/p><p><b>Eric Sombret<\/b>, cor, professeur au CRR d&#8217;Avignon<\/p>\t\t\t\t\t\t<\/div>\n\t\t\t\t<\/div>\n\t\t\t\t\t<\/div>\n\t\t<\/div>\n\t\t\t\t\t\t\t<\/div>\n\t\t<\/section>\n\t\t\t\t\t\t\t<\/div>\n\t\t","protected":false},"excerpt":{"rendered":"<p>Samedi 19 septembre, 17h, sur la colline Saint Antonin, Octuor de Schubert Au programme : l&#8216;octuor de Schubert Compos\u00e9 en 1824 \u00e0 la demande de Ferdinand Troyer. Il se compose de six mouvements, et dure pr\u00e8s d&#8217;une heure. Cette \u0153uvre, refl\u00e9tant une volont\u00e9 de bonne humeur et d&#8217;ouverture symphonique est consid\u00e9r\u00e9e comme un des chefs [&hellip;]<\/p>\n","protected":false},"author":1,"featured_media":0,"parent":0,"menu_order":0,"comment_status":"closed","ping_status":"closed","template":"","meta":{"footnotes":""},"class_list":["post-21","page","type-page","status-publish","hentry","entry"],"_links":{"self":[{"href":"https:\/\/www.musicabedoin.org\/index.php\/wp-json\/wp\/v2\/pages\/21","targetHints":{"allow":["GET"]}}],"collection":[{"href":"https:\/\/www.musicabedoin.org\/index.php\/wp-json\/wp\/v2\/pages"}],"about":[{"href":"https:\/\/www.musicabedoin.org\/index.php\/wp-json\/wp\/v2\/types\/page"}],"author":[{"embeddable":true,"href":"https:\/\/www.musicabedoin.org\/index.php\/wp-json\/wp\/v2\/users\/1"}],"replies":[{"embeddable":true,"href":"https:\/\/www.musicabedoin.org\/index.php\/wp-json\/wp\/v2\/comments?post=21"}],"version-history":[{"count":183,"href":"https:\/\/www.musicabedoin.org\/index.php\/wp-json\/wp\/v2\/pages\/21\/revisions"}],"predecessor-version":[{"id":943,"href":"https:\/\/www.musicabedoin.org\/index.php\/wp-json\/wp\/v2\/pages\/21\/revisions\/943"}],"wp:attachment":[{"href":"https:\/\/www.musicabedoin.org\/index.php\/wp-json\/wp\/v2\/media?parent=21"}],"curies":[{"name":"wp","href":"https:\/\/api.w.org\/{rel}","templated":true}]}}

<div data-elementor-type="wp-page" data-elementor-id="21" class="elementor elementor-21">
									<section class="elementor-section elementor-top-section elementor-element elementor-element-3e029e4 elementor-section-stretched elementor-section-boxed elementor-section-height-default elementor-section-height-default" data-id="3e029e4" data-element_type="section" data-settings="{&quot;stretch_section&quot;:&quot;section-stretched&quot;}">
						<div class="elementor-container elementor-column-gap-default">
					<div class="elementor-column elementor-col-100 elementor-top-column elementor-element elementor-element-0dd32b0" data-id="0dd32b0" data-element_type="column">
			<div class="elementor-widget-wrap elementor-element-populated">
								<div class="elementor-element elementor-element-87b1843 elementor-widget elementor-widget-heading" data-id="87b1843" data-element_type="widget" data-widget_type="heading.default">
				<div class="elementor-widget-container">
			<style>/*! elementor - v3.15.0 - 20-08-2023 */
.elementor-heading-title{padding:0;margin:0;line-height:1}.elementor-widget-heading .elementor-heading-title[class*=elementor-size-]>a{color:inherit;font-size:inherit;line-height:inherit}.elementor-widget-heading .elementor-heading-title.elementor-size-small{font-size:15px}.elementor-widget-heading .elementor-heading-title.elementor-size-medium{font-size:19px}.elementor-widget-heading .elementor-heading-title.elementor-size-large{font-size:29px}.elementor-widget-heading .elementor-heading-title.elementor-size-xl{font-size:39px}.elementor-widget-heading .elementor-heading-title.elementor-size-xxl{font-size:59px}</style><h2 class="elementor-heading-title elementor-size-default">Samedi 19 septembre, 17h, sur la colline Saint Antonin, Octuor de Schubert</h2>		</div>
				</div>
					</div>
		</div>
							</div>
		</section>
				<section class="elementor-section elementor-top-section elementor-element elementor-element-9e18e2b elementor-section-stretched elementor-section-boxed elementor-section-height-default elementor-section-height-default" data-id="9e18e2b" data-element_type="section" data-settings="{&quot;stretch_section&quot;:&quot;section-stretched&quot;}">
						<div class="elementor-container elementor-column-gap-default">
					<div class="elementor-column elementor-col-50 elementor-top-column elementor-element elementor-element-c81de65" data-id="c81de65" data-element_type="column">
			<div class="elementor-widget-wrap elementor-element-populated">
								<div class="elementor-element elementor-element-b55ed5d elementor-widget elementor-widget-image" data-id="b55ed5d" data-element_type="widget" data-widget_type="image.default">
				<div class="elementor-widget-container">
			<style>/*! elementor - v3.15.0 - 20-08-2023 */
.elementor-widget-image{text-align:center}.elementor-widget-image a{display:inline-block}.elementor-widget-image a img[src$=".svg"]{width:48px}.elementor-widget-image img{vertical-align:middle;display:inline-block}</style>												<img loading="lazy" decoding="async" width="1024" height="1024" src="https://www.musicabedoin.org/wp-content/uploads/2026/08/20260707_121406-1024x1024.jpg" class="attachment-large size-large wp-image-940" alt="" srcset="https://www.musicabedoin.org/wp-content/uploads/2026/08/20260707_121406-1024x1024.jpg 1024w, https://www.musicabedoin.org/wp-content/uploads/2026/08/20260707_121406-300x300.jpg 300w, https://www.musicabedoin.org/wp-content/uploads/2026/08/20260707_121406-150x150.jpg 150w, https://www.musicabedoin.org/wp-content/uploads/2026/08/20260707_121406-768x768.jpg 768w, https://www.musicabedoin.org/wp-content/uploads/2026/08/20260707_121406-1536x1536.jpg 1536w, https://www.musicabedoin.org/wp-content/uploads/2026/08/20260707_121406-2048x2048.jpg 2048w, https://www.musicabedoin.org/wp-content/uploads/2026/08/20260707_121406-600x600.jpg 600w" sizes="auto, (max-width: 1024px) 100vw, 1024px" />															</div>
				</div>
					</div>
		</div>
				<div class="elementor-column elementor-col-50 elementor-top-column elementor-element elementor-element-774cd68" data-id="774cd68" data-element_type="column">
			<div class="elementor-widget-wrap elementor-element-populated">
								<div class="elementor-element elementor-element-b49b445 elementor-widget elementor-widget-text-editor" data-id="b49b445" data-element_type="widget" data-widget_type="text-editor.default">
				<div class="elementor-widget-container">
			<style>/*! elementor - v3.15.0 - 20-08-2023 */
.elementor-widget-text-editor.elementor-drop-cap-view-stacked .elementor-drop-cap{background-color:#69727d;color:#fff}.elementor-widget-text-editor.elementor-drop-cap-view-framed .elementor-drop-cap{color:#69727d;border:3px solid;background-color:transparent}.elementor-widget-text-editor:not(.elementor-drop-cap-view-default) .elementor-drop-cap{margin-top:8px}.elementor-widget-text-editor:not(.elementor-drop-cap-view-default) .elementor-drop-cap-letter{width:1em;height:1em}.elementor-widget-text-editor .elementor-drop-cap{float:left;text-align:center;line-height:1;font-size:50px}.elementor-widget-text-editor .elementor-drop-cap-letter{display:inline-block}</style>				<p><b>Au programme : l</b><b style="font-size: 20px;">&#8216;octuor de Schubert</b></p><p>Composé en 1824 à la demande de Ferdinand Troyer. Il se compose de six mouvements, et dure près d&#8217;une heure. Cette œuvre, reflétant une volonté de bonne humeur et d&#8217;ouverture symphonique est considérée comme un des chefs d&#8217;œuvre de la musique de chambre.</p><p><strong>Les interprètes :</strong></p><p><b>Marc </b><b>Vieillefon</b>, violon, ancien membre de l&#8217;orchestre de Paris et du quatuor Debussy.</p><p><b>Joëlle </b><b>Mauppin</b>, violon, membre fondateur de l&#8217;Ensemble Instrumental Provence Verdon.</p><p><b>Stephanie Bayle </b><b>Peyrin</b>, altiste, professeur au conservatoire d&#8217;Aubagne.</p><p><b>Guillaume Rabier</b>, violoncelle, professeur au CRR d&#8217;Aix en Provence</p><p><b>Daniel </b><b>Paloyan</b>, clarinette, ancien membre de l&#8217;ensemble Musicatreize</p><p><b>Frederic Baron</b>, basson, membre de l&#8217;orchestre de l&#8217;Opéra de Marseille</p><p><b>Vincent </b><b>Lamiot</b>, contrebasse, jeune médaillé du CRR d&#8217;Aix en Provence</p><p><b>Eric Sombret</b>, cor, professeur au CRR d&#8217;Avignon</p>						</div>
				</div>
					</div>
		</div>
							</div>
		</section>
							</div>

<p>Samedi 19 septembre, 17h, sur la colline Saint Antonin, Octuor de Schubert Au programme : l&#8216;octuor de Schubert Composé en 1824 à la demande de Ferdinand Troyer. Il se compose de six mouvements, et dure près d&#8217;une heure. Cette œuvre, reflétant une volonté de bonne humeur et d&#8217;ouverture symphonique est considérée comme un des chefs [&hellip;]</p>
